{"id":660,"date":"2023-08-12T14:31:31","date_gmt":"2023-08-12T17:31:31","guid":{"rendered":"http:\/\/machadoemedeiros.com.br\/?page_id=660"},"modified":"2023-08-16T00:25:08","modified_gmt":"2023-08-16T03:25:08","slug":"blog","status":"publish","type":"page","link":"https:\/\/machadoemedeiros.com.br\/?page_id=660","title":{"rendered":"Blog"},"content":{"rendered":"\t\t<div data-elementor-type=\"wp-page\" data-elementor-id=\"660\" class=\"elementor elementor-660\" data-elementor-post-type=\"page\">\n\t\t\t\t<div class=\"elementor-element elementor-element-f142487 e-flex e-con-boxed e-con e-parent\" data-id=\"f142487\" data-element_type=\"container\" data-settings=\"{&quot;background_background&quot;:&quot;classic&quot;,&quot;shape_divider_bottom&quot;:&quot;waves&quot;}\">\n\t\t\t\t\t<div class=\"e-con-inner\">\n\t\t\t\t<div class=\"elementor-shape elementor-shape-bottom\" data-negative=\"false\">\n\t\t\t<svg xmlns=\"http:\/\/www.w3.org\/2000\/svg\" viewBox=\"0 0 1000 100\" preserveAspectRatio=\"none\">\n\t<path class=\"elementor-shape-fill\" d=\"M421.9,6.5c22.6-2.5,51.5,0.4,75.5,5.3c23.6,4.9,70.9,23.5,100.5,35.7c75.8,32.2,133.7,44.5,192.6,49.7\n\tc23.6,2.1,48.7,3.5,103.4-2.5c54.7-6,106.2-25.6,106.2-25.6V0H0v30.3c0,0,72,32.6,158.4,30.5c39.2-0.7,92.8-6.7,134-22.4\n\tc21.2-8.1,52.2-18.2,79.7-24.2C399.3,7.9,411.6,7.5,421.9,6.5z\"\/>\n<\/svg>\t\t<\/div>\n\t\t\t\t<div class=\"elementor-element elementor-element-eda4323 animated-fast elementor-widget__width-initial elementor-invisible elementor-widget elementor-widget-heading\" data-id=\"eda4323\" data-element_type=\"widget\" data-settings=\"{&quot;_animation&quot;:&quot;zoomIn&quot;}\" data-widget_type=\"heading.default\">\n\t\t\t\t<div class=\"elementor-widget-container\">\n\t\t\t\t\t<h2 class=\"elementor-heading-title elementor-size-default\">Bem vindos ao nosso blog!<\/h2>\t\t\t\t<\/div>\n\t\t\t\t<\/div>\n\t\t\t\t<div class=\"elementor-element elementor-element-45c8f9c animated-fast elementor-invisible elementor-widget elementor-widget-heading\" data-id=\"45c8f9c\" data-element_type=\"widget\" data-settings=\"{&quot;_animation&quot;:&quot;flash&quot;}\" data-widget_type=\"heading.default\">\n\t\t\t\t<div class=\"elementor-widget-container\">\n\t\t\t\t\t<h2 class=\"elementor-heading-title elementor-size-default\">Confira aqui as \u00faltimas not\u00edcias e fique por dentro de todas as novidades para sua cl\u00ednica m\u00e9dica.\n<\/h2>\t\t\t\t<\/div>\n\t\t\t\t<\/div>\n\t\t\t\t\t<\/div>\n\t\t\t\t<\/div>\n\t\t<div class=\"elementor-element elementor-element-ff2455a e-flex e-con-boxed e-con e-parent\" data-id=\"ff2455a\" data-element_type=\"container\">\n\t\t\t\t\t<div class=\"e-con-inner\">\n\t\t\t\t<div class=\"elementor-element elementor-element-8b92c1c elementor-widget elementor-widget-heading\" data-id=\"8b92c1c\" data-element_type=\"widget\" data-widget_type=\"heading.default\">\n\t\t\t\t<div class=\"elementor-widget-container\">\n\t\t\t\t\t<h2 class=\"elementor-heading-title elementor-size-default\">\u00daLTIMAS NOT\u00cdCIAS<\/h2>\t\t\t\t<\/div>\n\t\t\t\t<\/div>\n\t\t\t\t\t<\/div>\n\t\t\t\t<\/div>\n\t\t<div class=\"elementor-element elementor-element-d7dc73a e-flex e-con-boxed e-con e-parent\" data-id=\"d7dc73a\" data-element_type=\"container\">\n\t\t\t\t\t<div class=\"e-con-inner\">\n\t\t<div class=\"elementor-element elementor-element-2238659 e-con-full animated-fast e-flex elementor-invisible e-con e-parent\" data-id=\"2238659\" data-element_type=\"container\" data-settings=\"{&quot;animation&quot;:&quot;fadeInUp&quot;}\">\n\t\t\t\t<div class=\"elementor-element elementor-element-d203586 animated-fast elementor-grid-3 elementor-grid-tablet-2 elementor-grid-mobile-1 elementor-posts--thumbnail-top elementor-invisible elementor-widget elementor-widget-posts\" data-id=\"d203586\" data-element_type=\"widget\" data-settings=\"{&quot;_animation&quot;:&quot;bounceIn&quot;,&quot;classic_columns&quot;:&quot;3&quot;,&quot;classic_columns_tablet&quot;:&quot;2&quot;,&quot;classic_columns_mobile&quot;:&quot;1&quot;,&quot;classic_row_gap&quot;:{&quot;unit&quot;:&quot;px&quot;,&quot;size&quot;:35,&quot;sizes&quot;:[]},&quot;classic_row_gap_tablet&quot;:{&quot;unit&quot;:&quot;px&quot;,&quot;size&quot;:&quot;&quot;,&quot;sizes&quot;:[]},&quot;classic_row_gap_mobile&quot;:{&quot;unit&quot;:&quot;px&quot;,&quot;size&quot;:&quot;&quot;,&quot;sizes&quot;:[]}}\" data-widget_type=\"posts.classic\">\n\t\t\t\t<div class=\"elementor-widget-container\">\n\t\t\t\t\t\t\t<div class=\"elementor-posts-container elementor-posts elementor-posts--skin-classic elementor-grid\">\n\t\t\t\t<article class=\"elementor-post elementor-grid-item post-781 post type-post status-publish format-standard has-post-thumbnail hentry category-sem-categoria\">\n\t\t\t\t<a class=\"elementor-post__thumbnail__link\" href=\"https:\/\/machadoemedeiros.com.br\/?p=781\" >\n\t\t\t<div class=\"elementor-post__thumbnail\"><img fetchpriority=\"high\" decoding=\"async\" width=\"300\" height=\"300\" src=\"https:\/\/machadoemedeiros.com.br\/wp-content\/uploads\/2023\/08\/3-2-300x300.png\" class=\"attachment-medium size-medium wp-image-788\" alt=\"\" srcset=\"https:\/\/machadoemedeiros.com.br\/wp-content\/uploads\/2023\/08\/3-2-300x300.png 300w, https:\/\/machadoemedeiros.com.br\/wp-content\/uploads\/2023\/08\/3-2-1024x1024.png 1024w, https:\/\/machadoemedeiros.com.br\/wp-content\/uploads\/2023\/08\/3-2-150x150.png 150w, https:\/\/machadoemedeiros.com.br\/wp-content\/uploads\/2023\/08\/3-2-768x768.png 768w, https:\/\/machadoemedeiros.com.br\/wp-content\/uploads\/2023\/08\/3-2.png 1080w\" sizes=\"(max-width: 300px) 100vw, 300px\" \/><\/div>\n\t\t<\/a>\n\t\t\t\t<div class=\"elementor-post__text\">\n\t\t\t\t<h2 class=\"elementor-post__title\">\n\t\t\t<a href=\"https:\/\/machadoemedeiros.com.br\/?p=781\" >\n\t\t\t\teSocial para Profissionais da Sa\u00fade: Guia Completo sobre Obriga\u00e7\u00f5es e Benef\u00edcios\t\t\t<\/a>\n\t\t<\/h2>\n\t\t\t\t\t<div class=\"elementor-post__read-more-wrapper\">\n\t\t\n\t\t<a class=\"elementor-post__read-more\" href=\"https:\/\/machadoemedeiros.com.br\/?p=781\" aria-label=\"Read more about eSocial para Profissionais da Sa\u00fade: Guia Completo sobre Obriga\u00e7\u00f5es e Benef\u00edcios\" >\n\t\t\tLeia mais \u00bb\t\t<\/a>\n\n\t\t\t\t\t<\/div>\n\t\t\t\t<\/div>\n\t\t\t\t<\/article>\n\t\t\t\t<article class=\"elementor-post elementor-grid-item post-778 post type-post status-publish format-standard has-post-thumbnail hentry category-sem-categoria\">\n\t\t\t\t<a class=\"elementor-post__thumbnail__link\" href=\"https:\/\/machadoemedeiros.com.br\/?p=778\" >\n\t\t\t<div class=\"elementor-post__thumbnail\"><img decoding=\"async\" width=\"300\" height=\"300\" src=\"https:\/\/machadoemedeiros.com.br\/wp-content\/uploads\/2023\/08\/2-1-300x300.png\" class=\"attachment-medium size-medium wp-image-789\" alt=\"\" srcset=\"https:\/\/machadoemedeiros.com.br\/wp-content\/uploads\/2023\/08\/2-1-300x300.png 300w, https:\/\/machadoemedeiros.com.br\/wp-content\/uploads\/2023\/08\/2-1-1024x1024.png 1024w, https:\/\/machadoemedeiros.com.br\/wp-content\/uploads\/2023\/08\/2-1-150x150.png 150w, https:\/\/machadoemedeiros.com.br\/wp-content\/uploads\/2023\/08\/2-1-768x768.png 768w, https:\/\/machadoemedeiros.com.br\/wp-content\/uploads\/2023\/08\/2-1.png 1080w\" sizes=\"(max-width: 300px) 100vw, 300px\" \/><\/div>\n\t\t<\/a>\n\t\t\t\t<div class=\"elementor-post__text\">\n\t\t\t\t<h2 class=\"elementor-post__title\">\n\t\t\t<a href=\"https:\/\/machadoemedeiros.com.br\/?p=778\" >\n\t\t\t\tOtimiza\u00e7\u00e3o Tribut\u00e1ria para Cl\u00ednicas M\u00e9dicas: Estrat\u00e9gias Legais para Redu\u00e7\u00e3o de Carga Tribut\u00e1ria\t\t\t<\/a>\n\t\t<\/h2>\n\t\t\t\t\t<div class=\"elementor-post__read-more-wrapper\">\n\t\t\n\t\t<a class=\"elementor-post__read-more\" href=\"https:\/\/machadoemedeiros.com.br\/?p=778\" aria-label=\"Read more about Otimiza\u00e7\u00e3o Tribut\u00e1ria para Cl\u00ednicas M\u00e9dicas: Estrat\u00e9gias Legais para Redu\u00e7\u00e3o de Carga Tribut\u00e1ria\" >\n\t\t\tLeia mais \u00bb\t\t<\/a>\n\n\t\t\t\t\t<\/div>\n\t\t\t\t<\/div>\n\t\t\t\t<\/article>\n\t\t\t\t<article class=\"elementor-post elementor-grid-item post-775 post type-post status-publish format-standard has-post-thumbnail hentry category-sem-categoria\">\n\t\t\t\t<a class=\"elementor-post__thumbnail__link\" href=\"https:\/\/machadoemedeiros.com.br\/?p=775\" >\n\t\t\t<div class=\"elementor-post__thumbnail\"><img decoding=\"async\" width=\"300\" height=\"300\" src=\"https:\/\/machadoemedeiros.com.br\/wp-content\/uploads\/2023\/08\/Purple-Gradient-Modern-New-Blog-Update-Instagram-Post-300x300.png\" class=\"attachment-medium size-medium wp-image-776\" alt=\"\" srcset=\"https:\/\/machadoemedeiros.com.br\/wp-content\/uploads\/2023\/08\/Purple-Gradient-Modern-New-Blog-Update-Instagram-Post-300x300.png 300w, https:\/\/machadoemedeiros.com.br\/wp-content\/uploads\/2023\/08\/Purple-Gradient-Modern-New-Blog-Update-Instagram-Post-1024x1024.png 1024w, https:\/\/machadoemedeiros.com.br\/wp-content\/uploads\/2023\/08\/Purple-Gradient-Modern-New-Blog-Update-Instagram-Post-150x150.png 150w, https:\/\/machadoemedeiros.com.br\/wp-content\/uploads\/2023\/08\/Purple-Gradient-Modern-New-Blog-Update-Instagram-Post-768x768.png 768w, https:\/\/machadoemedeiros.com.br\/wp-content\/uploads\/2023\/08\/Purple-Gradient-Modern-New-Blog-Update-Instagram-Post.png 1080w\" sizes=\"(max-width: 300px) 100vw, 300px\" \/><\/div>\n\t\t<\/a>\n\t\t\t\t<div class=\"elementor-post__text\">\n\t\t\t\t<h2 class=\"elementor-post__title\">\n\t\t\t<a href=\"https:\/\/machadoemedeiros.com.br\/?p=775\" >\n\t\t\t\tGuia completo para abertura de Cl\u00ednicas M\u00e9dicas: Passo a Passo para o Sucesso\t\t\t<\/a>\n\t\t<\/h2>\n\t\t\t\t\t<div class=\"elementor-post__read-more-wrapper\">\n\t\t\n\t\t<a class=\"elementor-post__read-more\" href=\"https:\/\/machadoemedeiros.com.br\/?p=775\" aria-label=\"Read more about Guia completo para abertura de Cl\u00ednicas M\u00e9dicas: Passo a Passo para o Sucesso\" >\n\t\t\tLeia mais \u00bb\t\t<\/a>\n\n\t\t\t\t\t<\/div>\n\t\t\t\t<\/div>\n\t\t\t\t<\/article>\n\t\t\t\t<article class=\"elementor-post elementor-grid-item post-1350 post type-post status-publish format-standard hentry category-sem-categoria\">\n\t\t\t\t<div class=\"elementor-post__text\">\n\t\t\t\t<h2 class=\"elementor-post__title\">\n\t\t\t<a href=\"https:\/\/machadoemedeiros.com.br\/?p=1350\" >\n\t\t\t\tLavagem de Dinheiro e Cassinos: Como a Legisla\u00e7\u00e3o Combate Crimes Financeiros no Setor?\t\t\t<\/a>\n\t\t<\/h2>\n\t\t\t\t\t<div class=\"elementor-post__read-more-wrapper\">\n\t\t\n\t\t<a class=\"elementor-post__read-more\" href=\"https:\/\/machadoemedeiros.com.br\/?p=1350\" aria-label=\"Read more about Lavagem de Dinheiro e Cassinos: Como a Legisla\u00e7\u00e3o Combate Crimes Financeiros no Setor?\" >\n\t\t\tLeia mais \u00bb\t\t<\/a>\n\n\t\t\t\t\t<\/div>\n\t\t\t\t<\/div>\n\t\t\t\t<\/article>\n\t\t\t\t<article class=\"elementor-post elementor-grid-item post-1347 post type-post status-publish format-standard hentry category-sem-categoria\">\n\t\t\t\t<div class=\"elementor-post__text\">\n\t\t\t\t<h2 class=\"elementor-post__title\">\n\t\t\t<a href=\"https:\/\/machadoemedeiros.com.br\/?p=1347\" >\n\t\t\t\tDireitos do Jogador em Cassinos Online: Como Garantir um Jogo Seguro e Transparente?\t\t\t<\/a>\n\t\t<\/h2>\n\t\t\t\t\t<div class=\"elementor-post__read-more-wrapper\">\n\t\t\n\t\t<a class=\"elementor-post__read-more\" href=\"https:\/\/machadoemedeiros.com.br\/?p=1347\" aria-label=\"Read more about Direitos do Jogador em Cassinos Online: Como Garantir um Jogo Seguro e Transparente?\" >\n\t\t\tLeia mais \u00bb\t\t<\/a>\n\n\t\t\t\t\t<\/div>\n\t\t\t\t<\/div>\n\t\t\t\t<\/article>\n\t\t\t\t<article class=\"elementor-post elementor-grid-item post-1345 post type-post status-publish format-standard hentry category-sem-categoria\">\n\t\t\t\t<div class=\"elementor-post__text\">\n\t\t\t\t<h2 class=\"elementor-post__title\">\n\t\t\t<a href=\"https:\/\/machadoemedeiros.com.br\/?p=1345\" >\n\t\t\t\tA Legaliza\u00e7\u00e3o dos Cassinos no Brasil: Quais S\u00e3o os Desafios e Perspectivas?\t\t\t<\/a>\n\t\t<\/h2>\n\t\t\t\t\t<div class=\"elementor-post__read-more-wrapper\">\n\t\t\n\t\t<a class=\"elementor-post__read-more\" href=\"https:\/\/machadoemedeiros.com.br\/?p=1345\" aria-label=\"Read more about A Legaliza\u00e7\u00e3o dos Cassinos no Brasil: Quais S\u00e3o os Desafios e Perspectivas?\" >\n\t\t\tLeia mais \u00bb\t\t<\/a>\n\n\t\t\t\t\t<\/div>\n\t\t\t\t<\/div>\n\t\t\t\t<\/article>\n\t\t\t\t<\/div>\n\t\t\n\t\t\t\t\t\t<\/div>\n\t\t\t\t<\/div>\n\t\t\t\t<\/div>\n\t\t<div class=\"elementor-element elementor-element-54d7147 e-con-full elementor-hidden-mobile e-flex e-con e-parent\" data-id=\"54d7147\" data-element_type=\"container\">\n\t\t\t\t<div class=\"elementor-element elementor-element-f1afb52 elementor-search-form--skin-minimal elementor-widget elementor-widget-search-form\" data-id=\"f1afb52\" data-element_type=\"widget\" data-settings=\"{&quot;skin&quot;:&quot;minimal&quot;}\" data-widget_type=\"search-form.default\">\n\t\t\t\t<div class=\"elementor-widget-container\">\n\t\t\t\t\t\t\t<form class=\"elementor-search-form\" action=\"https:\/\/machadoemedeiros.com.br\" method=\"get\" role=\"search\">\n\t\t\t\t\t\t\t\t\t<div class=\"elementor-search-form__container\">\n\t\t\t\t<label class=\"elementor-screen-only\" for=\"elementor-search-form-f1afb52\">Search<\/label>\n\n\t\t\t\t\t\t\t\t\t<div class=\"elementor-search-form__icon\">\n\t\t\t\t\t\t<i aria-hidden=\"true\" class=\"fas fa-search\"><\/i>\t\t\t\t\t\t<span class=\"elementor-screen-only\">Search<\/span>\n\t\t\t\t\t<\/div>\n\t\t\t\t\n\t\t\t\t<input id=\"elementor-search-form-f1afb52\" placeholder=\"Pesquisar...\" class=\"elementor-search-form__input\" type=\"search\" name=\"s\" value=\"\">\n\t\t\t\t\n\t\t\t\t\n\t\t\t\t\t\t\t<\/div>\n\t\t<\/form>\n\t\t\t\t\t\t<\/div>\n\t\t\t\t<\/div>\n\t\t\t\t<div class=\"elementor-element elementor-element-4a724b6 elementor-widget elementor-widget-heading\" data-id=\"4a724b6\" data-element_type=\"widget\" data-widget_type=\"heading.default\">\n\t\t\t\t<div class=\"elementor-widget-container\">\n\t\t\t\t\t<h2 class=\"elementor-heading-title elementor-size-default\">Est\u00e1 gostando? Compartilhe<\/h2>\t\t\t\t<\/div>\n\t\t\t\t<\/div>\n\t\t\t\t<div class=\"elementor-element elementor-element-dd3b39c e-grid-align-left elementor-shape-rounded elementor-grid-0 elementor-widget elementor-widget-social-icons\" data-id=\"dd3b39c\" data-element_type=\"widget\" data-widget_type=\"social-icons.default\">\n\t\t\t\t<div class=\"elementor-widget-container\">\n\t\t\t\t\t\t\t<div class=\"elementor-social-icons-wrapper elementor-grid\">\n\t\t\t\t\t\t\t<span class=\"elementor-grid-item\">\n\t\t\t\t\t<a class=\"elementor-icon elementor-social-icon elementor-social-icon-facebook elementor-repeater-item-1f90aa5\" target=\"_blank\">\n\t\t\t\t\t\t<span class=\"elementor-screen-only\">Facebook<\/span>\n\t\t\t\t\t\t<i class=\"fab fa-facebook\"><\/i>\t\t\t\t\t<\/a>\n\t\t\t\t<\/span>\n\t\t\t\t\t\t\t<span class=\"elementor-grid-item\">\n\t\t\t\t\t<a class=\"elementor-icon elementor-social-icon elementor-social-icon-twitter elementor-repeater-item-0735cf0\" target=\"_blank\">\n\t\t\t\t\t\t<span class=\"elementor-screen-only\">Twitter<\/span>\n\t\t\t\t\t\t<i class=\"fab fa-twitter\"><\/i>\t\t\t\t\t<\/a>\n\t\t\t\t<\/span>\n\t\t\t\t\t\t\t<span class=\"elementor-grid-item\">\n\t\t\t\t\t<a class=\"elementor-icon elementor-social-icon elementor-social-icon-youtube elementor-repeater-item-8c57c5e\" target=\"_blank\">\n\t\t\t\t\t\t<span class=\"elementor-screen-only\">Youtube<\/span>\n\t\t\t\t\t\t<i class=\"fab fa-youtube\"><\/i>\t\t\t\t\t<\/a>\n\t\t\t\t<\/span>\n\t\t\t\t\t\t\t<span class=\"elementor-grid-item\">\n\t\t\t\t\t<a class=\"elementor-icon elementor-social-icon elementor-social-icon-whatsapp elementor-repeater-item-f9e8f2d\" target=\"_blank\">\n\t\t\t\t\t\t<span class=\"elementor-screen-only\">Whatsapp<\/span>\n\t\t\t\t\t\t<i class=\"fab fa-whatsapp\"><\/i>\t\t\t\t\t<\/a>\n\t\t\t\t<\/span>\n\t\t\t\t\t\t\t<span class=\"elementor-grid-item\">\n\t\t\t\t\t<a class=\"elementor-icon elementor-social-icon elementor-social-icon-linkedin elementor-repeater-item-b68f535\" target=\"_blank\">\n\t\t\t\t\t\t<span class=\"elementor-screen-only\">Linkedin<\/span>\n\t\t\t\t\t\t<i class=\"fab fa-linkedin\"><\/i>\t\t\t\t\t<\/a>\n\t\t\t\t<\/span>\n\t\t\t\t\t<\/div>\n\t\t\t\t\t\t<\/div>\n\t\t\t\t<\/div>\n\t\t\t\t<div class=\"elementor-element elementor-element-3283fcc elementor-widget elementor-widget-heading\" data-id=\"3283fcc\" data-element_type=\"widget\" data-widget_type=\"heading.default\">\n\t\t\t\t<div class=\"elementor-widget-container\">\n\t\t\t\t\t<h2 class=\"elementor-heading-title elementor-size-default\">Mais populares:<\/h2>\t\t\t\t<\/div>\n\t\t\t\t<\/div>\n\t\t\t\t<div class=\"elementor-element elementor-element-afc5941 elementor-grid-1 elementor-grid-tablet-2 elementor-grid-mobile-1 elementor-posts--thumbnail-top elementor-widget elementor-widget-posts\" data-id=\"afc5941\" data-element_type=\"widget\" data-settings=\"{&quot;classic_columns&quot;:&quot;1&quot;,&quot;classic_columns_tablet&quot;:&quot;2&quot;,&quot;classic_columns_mobile&quot;:&quot;1&quot;,&quot;classic_row_gap&quot;:{&quot;unit&quot;:&quot;px&quot;,&quot;size&quot;:35,&quot;sizes&quot;:[]},&quot;classic_row_gap_tablet&quot;:{&quot;unit&quot;:&quot;px&quot;,&quot;size&quot;:&quot;&quot;,&quot;sizes&quot;:[]},&quot;classic_row_gap_mobile&quot;:{&quot;unit&quot;:&quot;px&quot;,&quot;size&quot;:&quot;&quot;,&quot;sizes&quot;:[]}}\" data-widget_type=\"posts.classic\">\n\t\t\t\t<div class=\"elementor-widget-container\">\n\t\t\t\t\t\t\t<div class=\"elementor-posts-container elementor-posts elementor-posts--skin-classic elementor-grid\">\n\t\t\t\t<article class=\"elementor-post elementor-grid-item post-781 post type-post status-publish format-standard has-post-thumbnail hentry category-sem-categoria\">\n\t\t\t\t<a class=\"elementor-post__thumbnail__link\" href=\"https:\/\/machadoemedeiros.com.br\/?p=781\" >\n\t\t\t<div class=\"elementor-post__thumbnail\"><img loading=\"lazy\" decoding=\"async\" width=\"1080\" height=\"1080\" src=\"https:\/\/machadoemedeiros.com.br\/wp-content\/uploads\/2023\/08\/3-2.png\" class=\"attachment-full size-full wp-image-788\" alt=\"\" srcset=\"https:\/\/machadoemedeiros.com.br\/wp-content\/uploads\/2023\/08\/3-2.png 1080w, https:\/\/machadoemedeiros.com.br\/wp-content\/uploads\/2023\/08\/3-2-300x300.png 300w, https:\/\/machadoemedeiros.com.br\/wp-content\/uploads\/2023\/08\/3-2-1024x1024.png 1024w, https:\/\/machadoemedeiros.com.br\/wp-content\/uploads\/2023\/08\/3-2-150x150.png 150w, https:\/\/machadoemedeiros.com.br\/wp-content\/uploads\/2023\/08\/3-2-768x768.png 768w\" sizes=\"(max-width: 1080px) 100vw, 1080px\" \/><\/div>\n\t\t<\/a>\n\t\t\t\t<div class=\"elementor-post__text\">\n\t\t\t\t<h6 class=\"elementor-post__title\">\n\t\t\t<a href=\"https:\/\/machadoemedeiros.com.br\/?p=781\" >\n\t\t\t\teSocial para Profissionais da Sa\u00fade: Guia Completo sobre Obriga\u00e7\u00f5es e Benef\u00edcios\t\t\t<\/a>\n\t\t<\/h6>\n\t\t\n\t\t<a class=\"elementor-post__read-more\" href=\"https:\/\/machadoemedeiros.com.br\/?p=781\" aria-label=\"Read more about eSocial para Profissionais da Sa\u00fade: Guia Completo sobre Obriga\u00e7\u00f5es e Benef\u00edcios\" >\n\t\t\tLeia mais \u00bb\t\t<\/a>\n\n\t\t\t\t<\/div>\n\t\t\t\t<\/article>\n\t\t\t\t<article class=\"elementor-post elementor-grid-item post-778 post type-post status-publish format-standard has-post-thumbnail hentry category-sem-categoria\">\n\t\t\t\t<a class=\"elementor-post__thumbnail__link\" href=\"https:\/\/machadoemedeiros.com.br\/?p=778\" >\n\t\t\t<div class=\"elementor-post__thumbnail\"><img loading=\"lazy\" decoding=\"async\" width=\"1080\" height=\"1080\" src=\"https:\/\/machadoemedeiros.com.br\/wp-content\/uploads\/2023\/08\/2-1.png\" class=\"attachment-full size-full wp-image-789\" alt=\"\" srcset=\"https:\/\/machadoemedeiros.com.br\/wp-content\/uploads\/2023\/08\/2-1.png 1080w, https:\/\/machadoemedeiros.com.br\/wp-content\/uploads\/2023\/08\/2-1-300x300.png 300w, https:\/\/machadoemedeiros.com.br\/wp-content\/uploads\/2023\/08\/2-1-1024x1024.png 1024w, https:\/\/machadoemedeiros.com.br\/wp-content\/uploads\/2023\/08\/2-1-150x150.png 150w, https:\/\/machadoemedeiros.com.br\/wp-content\/uploads\/2023\/08\/2-1-768x768.png 768w\" sizes=\"(max-width: 1080px) 100vw, 1080px\" \/><\/div>\n\t\t<\/a>\n\t\t\t\t<div class=\"elementor-post__text\">\n\t\t\t\t<h6 class=\"elementor-post__title\">\n\t\t\t<a href=\"https:\/\/machadoemedeiros.com.br\/?p=778\" >\n\t\t\t\tOtimiza\u00e7\u00e3o Tribut\u00e1ria para Cl\u00ednicas M\u00e9dicas: Estrat\u00e9gias Legais para Redu\u00e7\u00e3o de Carga Tribut\u00e1ria\t\t\t<\/a>\n\t\t<\/h6>\n\t\t\n\t\t<a class=\"elementor-post__read-more\" href=\"https:\/\/machadoemedeiros.com.br\/?p=778\" aria-label=\"Read more about Otimiza\u00e7\u00e3o Tribut\u00e1ria para Cl\u00ednicas M\u00e9dicas: Estrat\u00e9gias Legais para Redu\u00e7\u00e3o de Carga Tribut\u00e1ria\" >\n\t\t\tLeia mais \u00bb\t\t<\/a>\n\n\t\t\t\t<\/div>\n\t\t\t\t<\/article>\n\t\t\t\t<article class=\"elementor-post elementor-grid-item post-775 post type-post status-publish format-standard has-post-thumbnail hentry category-sem-categoria\">\n\t\t\t\t<a class=\"elementor-post__thumbnail__link\" href=\"https:\/\/machadoemedeiros.com.br\/?p=775\" >\n\t\t\t<div class=\"elementor-post__thumbnail\"><img loading=\"lazy\" decoding=\"async\" width=\"1080\" height=\"1080\" src=\"https:\/\/machadoemedeiros.com.br\/wp-content\/uploads\/2023\/08\/Purple-Gradient-Modern-New-Blog-Update-Instagram-Post.png\" class=\"attachment-full size-full wp-image-776\" alt=\"\" srcset=\"https:\/\/machadoemedeiros.com.br\/wp-content\/uploads\/2023\/08\/Purple-Gradient-Modern-New-Blog-Update-Instagram-Post.png 1080w, https:\/\/machadoemedeiros.com.br\/wp-content\/uploads\/2023\/08\/Purple-Gradient-Modern-New-Blog-Update-Instagram-Post-300x300.png 300w, https:\/\/machadoemedeiros.com.br\/wp-content\/uploads\/2023\/08\/Purple-Gradient-Modern-New-Blog-Update-Instagram-Post-1024x1024.png 1024w, https:\/\/machadoemedeiros.com.br\/wp-content\/uploads\/2023\/08\/Purple-Gradient-Modern-New-Blog-Update-Instagram-Post-150x150.png 150w, https:\/\/machadoemedeiros.com.br\/wp-content\/uploads\/2023\/08\/Purple-Gradient-Modern-New-Blog-Update-Instagram-Post-768x768.png 768w\" sizes=\"(max-width: 1080px) 100vw, 1080px\" \/><\/div>\n\t\t<\/a>\n\t\t\t\t<div class=\"elementor-post__text\">\n\t\t\t\t<h6 class=\"elementor-post__title\">\n\t\t\t<a href=\"https:\/\/machadoemedeiros.com.br\/?p=775\" >\n\t\t\t\tGuia completo para abertura de Cl\u00ednicas M\u00e9dicas: Passo a Passo para o Sucesso\t\t\t<\/a>\n\t\t<\/h6>\n\t\t\n\t\t<a class=\"elementor-post__read-more\" href=\"https:\/\/machadoemedeiros.com.br\/?p=775\" aria-label=\"Read more about Guia completo para abertura de Cl\u00ednicas M\u00e9dicas: Passo a Passo para o Sucesso\" >\n\t\t\tLeia mais \u00bb\t\t<\/a>\n\n\t\t\t\t<\/div>\n\t\t\t\t<\/article>\n\t\t\t\t<article class=\"elementor-post elementor-grid-item post-1350 post type-post status-publish format-standard hentry category-sem-categoria\">\n\t\t\t\t<div class=\"elementor-post__text\">\n\t\t\t\t<h6 class=\"elementor-post__title\">\n\t\t\t<a href=\"https:\/\/machadoemedeiros.com.br\/?p=1350\" >\n\t\t\t\tLavagem de Dinheiro e Cassinos: Como a Legisla\u00e7\u00e3o Combate Crimes Financeiros no Setor?\t\t\t<\/a>\n\t\t<\/h6>\n\t\t\n\t\t<a class=\"elementor-post__read-more\" href=\"https:\/\/machadoemedeiros.com.br\/?p=1350\" aria-label=\"Read more about Lavagem de Dinheiro e Cassinos: Como a Legisla\u00e7\u00e3o Combate Crimes Financeiros no Setor?\" >\n\t\t\tLeia mais \u00bb\t\t<\/a>\n\n\t\t\t\t<\/div>\n\t\t\t\t<\/article>\n\t\t\t\t<article class=\"elementor-post elementor-grid-item post-1347 post type-post status-publish format-standard hentry category-sem-categoria\">\n\t\t\t\t<div class=\"elementor-post__text\">\n\t\t\t\t<h6 class=\"elementor-post__title\">\n\t\t\t<a href=\"https:\/\/machadoemedeiros.com.br\/?p=1347\" >\n\t\t\t\tDireitos do Jogador em Cassinos Online: Como Garantir um Jogo Seguro e Transparente?\t\t\t<\/a>\n\t\t<\/h6>\n\t\t\n\t\t<a class=\"elementor-post__read-more\" href=\"https:\/\/machadoemedeiros.com.br\/?p=1347\" aria-label=\"Read more about Direitos do Jogador em Cassinos Online: Como Garantir um Jogo Seguro e Transparente?\" >\n\t\t\tLeia mais \u00bb\t\t<\/a>\n\n\t\t\t\t<\/div>\n\t\t\t\t<\/article>\n\t\t\t\t<article class=\"elementor-post elementor-grid-item post-1345 post type-post status-publish format-standard hentry category-sem-categoria\">\n\t\t\t\t<div class=\"elementor-post__text\">\n\t\t\t\t<h6 class=\"elementor-post__title\">\n\t\t\t<a href=\"https:\/\/machadoemedeiros.com.br\/?p=1345\" >\n\t\t\t\tA Legaliza\u00e7\u00e3o dos Cassinos no Brasil: Quais S\u00e3o os Desafios e Perspectivas?\t\t\t<\/a>\n\t\t<\/h6>\n\t\t\n\t\t<a class=\"elementor-post__read-more\" href=\"https:\/\/machadoemedeiros.com.br\/?p=1345\" aria-label=\"Read more about A Legaliza\u00e7\u00e3o dos Cassinos no Brasil: Quais S\u00e3o os Desafios e Perspectivas?\" >\n\t\t\tLeia mais \u00bb\t\t<\/a>\n\n\t\t\t\t<\/div>\n\t\t\t\t<\/article>\n\t\t\t\t<\/div>\n\t\t\n\t\t\t\t\t\t<\/div>\n\t\t\t\t<\/div>\n\t\t\t\t<\/div>\n\t\t\t\t\t<\/div>\n\t\t\t\t<\/div>\n\t\t\t\t<\/div>\n\t\t","protected":false},"excerpt":{"rendered":"<p>Bem vindos ao nosso blog! Confira aqui as \u00faltimas not\u00edcias e fique por dentro de todas as novidades para sua cl\u00ednica m\u00e9dica. \u00daLTIMAS NOT\u00cdCIAS Est\u00e1<\/p>\n","protected":false},"author":1,"featured_media":0,"parent":0,"menu_order":0,"comment_status":"closed","ping_status":"closed","template":"elementor_header_footer","meta":{"footnotes":""},"class_list":["post-660","page","type-page","status-publish","hentry"],"_links":{"self":[{"href":"https:\/\/machadoemedeiros.com.br\/index.php?rest_route=\/wp\/v2\/pages\/660","targetHints":{"allow":["GET"]}}],"collection":[{"href":"https:\/\/machadoemedeiros.com.br\/index.php?rest_route=\/wp\/v2\/pages"}],"about":[{"href":"https:\/\/machadoemedeiros.com.br\/index.php?rest_route=\/wp\/v2\/types\/page"}],"author":[{"embeddable":true,"href":"https:\/\/machadoemedeiros.com.br\/index.php?rest_route=\/wp\/v2\/users\/1"}],"replies":[{"embeddable":true,"href":"https:\/\/machadoemedeiros.com.br\/index.php?rest_route=%2Fwp%2Fv2%2Fcomments&post=660"}],"version-history":[{"count":38,"href":"https:\/\/machadoemedeiros.com.br\/index.php?rest_route=\/wp\/v2\/pages\/660\/revisions"}],"predecessor-version":[{"id":1262,"href":"https:\/\/machadoemedeiros.com.br\/index.php?rest_route=\/wp\/v2\/pages\/660\/revisions\/1262"}],"wp:attachment":[{"href":"https:\/\/machadoemedeiros.com.br\/index.php?rest_route=%2Fwp%2Fv2%2Fmedia&parent=660"}],"curies":[{"name":"wp","href":"https:\/\/api.w.org\/{rel}","templated":true}]}}